pose 0 = -b*v - 0*v + 45. What is the greatest common divisor of v and 9?
9
Let u be (34 - 0)/(-1 + 144/138). What is the highest common factor of 23 and u?
23
Suppose -18 = 3*t - 3*f - 0*f, -25 = 3*t + 4*f. Let x be 28/(-5)*(-5)/(t/(-7)). What is the greatest common divisor of x and 4?
4
Let d be 50/5*(-2)/(-5). Suppose 25 + 11 = d*p. Suppose 5*o + 70 = z, 0 = o - 0*o + 5. Calculate the highest common factor of p and z.
9
Let q = 317 + -308. What is the highest common divisor of 153 and q?
9
Let p = 0 - -4. Let t be 22/99 + (-356)/(-18). Let z = t + -16. Calculate the highest common factor of p and z.
4
Suppose -2*l + 33 + 356 = -3*o, 3*l = 5*o + 586. Calculate the greatest common divisor of 51 and l.
17
Suppose 0 = -21*h + 11*h + 460. Calculate the highest common divisor of 1357 and h.
23
Suppose -20 = -4*h, -5*h + 128 = 3*l - h. What is the greatest common factor of l and 288?
36
Let o = 747 + -671. What is the highest common factor of o and 912?
76
Let q(v) be the third derivative of -v**5/60 + 5*v**4/12 - 12*v**2. Let h be q(5). Calculate the greatest common divisor of 50 and h.
25
Let a = 61 - -34. Calculate the greatest common factor of a and 5.
5
Suppose 22*b - 54201 = b. What is the greatest common factor of 89 and b?
89
Let i = 444 + -248. Let c = 63 + -35. What is the greatest common factor of c and i?
28
Suppose -7*s + 2*s + 2*o + 206 = 0, 5*s = -9*o + 173. What is the greatest common divisor of 72 and s?
8
Suppose -7*r + 160 = -176. What is the highest common factor of 3 and r?
3
Suppose -17 = 2*u - 4*u + 3*i, -u - 24 = 5*i. Suppose 2*n = 5*x - 76, 2*x + 5*n - 12 = u. Calculate the highest common divisor of x and 14.
14
Let a = -6 - -18. Let w = 31 - 25. Let g be w/(7/((-56)/(-12))). What is the greatest common divisor of a and g?
4
Suppose 0*f + 13 = -f - 5*y, -f = y + 1. Suppose 5*p - 83 = -2*b, f*p - b - 11 = p. Calculate the highest common divisor of 6 and p.
3
Let p = 175 + -172. Let v(l) = 9*l**2 + l + 1. Let a be v(-1). Suppose -5*w = -a - 6. What is the greatest common factor of p and w?
3
Suppose -2*w + 9 = 3. Let r be (-1)/w + (-16)/(-3). Calculate the greatest common divisor of 40 and r.
5
Let d be (6/5)/((-2)/(-60)). Let p be 3 + 26 - (-10 - -12). What is the greatest common divisor of d and p?
9
Suppose 0 = 4*g + 11 + 21. Let m be 106/g + (-12)/16. Let r be (-103)/(-7) - 4/m. Calculate the greatest common factor of 3 and r.
3
Suppose 5*g = -5*i + 125, 2*g + i = 4*i + 65. Calculate the greatest common divisor of g and 21.
7
Suppose -3*y = -3*g + 7 + 2, 5*g + 3*y = 31. Suppose -s + 301 = g*a - 0*a, 2*a + s = 121. What is the greatest common divisor of a and 150?
30
Suppose -2*f + 2*s + 379 = -3*f, 738 = -2*f + s. Let u = f - -650. Calculate the highest common divisor of 31 and u.
31
Let t = -61 - -64. Let c be t + ((-12)/8 - (-2)/(-4)). Let h be 7 - (2 + 0/2). What is the highest common divisor of h and c?
1
Let l(c) = 8*c + 1. Let b be l(1). What is the greatest common divisor of 288 and b?
9
Suppose 0*c = 9*c + 450. Let d = -35 - c. Calculate the highest common factor of d and 20.
5
Let s be ((-2)/(-3))/((-1)/(-15)). Suppose s*p - 7*p - 48 = 0. What is the highest common factor of 128 and p?
16
Let r be 6/15 + (-598)/(-5). Suppose 378 = 3*d + 6*d. Let f = 6 + d. What is the greatest common divisor of f and r?
24
Let v = -104 - -127. Calculate the highest common divisor of 92 and v.
23
Let v be 46 + -3*(-9)/(-27). Calculate the greatest common factor of 27 and v.
9
Let f = 5 + 6. Let j(k) = -k**3 + 10*k**2 + 11*k + 8. Let s be j(f). What is the highest common factor of s and 8?
8
Let m be (20/4)/(13 + -12). Calculate the greatest common factor of m and 40.
5
Let m(q) = q - 2. Let z be m(2). Suppose -5*g - 2*c + 80 = z, -c = 4*g - g - 47. Let y be 3 + (-2)/((-6)/75). What is the greatest common factor of y and g?
14
Let a be (120/6)/4 - -369. What is the greatest common divisor of 34 and a?
34
Let y(a) = a**2 - 14*a - 26. Let b be y(22). Calculate the highest common factor of b and 90.
30
Let c = 2451 - 1539. Calculate the highest common factor of 18 and c.
6
Suppose 0 = -22*g + 25*g - 30. What is the highest common divisor of g and 370?
10
Let k(h) = 72*h - 104. Let i be k(7). What is the highest common divisor of 48 and i?
16
Let b = 270 + -471. Let w = 303 + b. What is the highest common divisor of w and 34?
34
Let j = -27 + 25. Suppose 5*n - 3*y + 35 = 0, 5*n - 5*y = -56 + 11. Let z = j - n. What is the greatest common divisor of z and 8?
2
Suppose -21*y = -23*y + 132. Let k be y/15 - 2/5. Let f be ((-330)/k)/(9/(-12)). Calculate the greatest common factor of f and 44.
22
Let w(b) = -4*b + 14. Let v be w(-5). What is the highest common divisor of v and 34?
34
Let j be (15/(-12) - -5)*12. Let a = j + -38. Let v = 25 + -4. Calculate the greatest common factor of a and v.
7
Suppose 0 = -2*l + 15 + 39. Suppose -l = -3*z + 12. Suppose -4*s = -3*v + 277, -3*s = -6*s - 3. Calculate the greatest common divisor of v and z.
13
Let t(c) = 2*c**2 - 30*c + 8. Let d be t(12). Let n = d - -76. What is the highest common divisor of 96 and n?
12
Let h(o) = -o**3 - 3*o**2 - o - 4. Let r be h(-4). Let d(m) = m**3 - 45*m**2 - 4*m + 182. Let u be d(45). What is the highest common divisor of r and u?
2
Suppose 147 + 37 = t. Let f = 39 + -27. Suppose -7*v = -2*v - 5*w - 100, 0 = 4*w - f. Calculate the greatest common factor of t and v.
23
Let s be (-2)/(-3)*(10 - -5). Let p be (-14)/(-4) - 5/s. Suppose -d + p*d - 6 = 0. Calculate the greatest common factor of 2 and d.
1
Let c be 52/(-2)*((-30)/(-12))/(-5). Let x(j) = j**3 + 13*j**2 + 12*j. Let g be x(-12). Let i be 13/1 + 0 + g. What is the highest common factor of c and i?
13
Suppose 79*k - 82*k = -78. Calculate the greatest common factor of 8 and k.
2
Let k = -274 + 299. Calculate the greatest common divisor of k and 425.
25
Let i = 39 + -17. Suppose 23*h - 64 = i*h. Suppose 0 = 4*f - x - 28, 1 = 3*f - 5*x - 3. What is the greatest common factor of f and h?
8
Let j be (-4)/(8/(-120)*4). Calculate the greatest common factor of j and 165.
15
Let p = -463 - -495. Calculate the greatest common divisor of 16 and p.
16
Let r(s) = 6*s - 19. Let g be r(4). Suppose 5*o + 30 = 2*t, 4*t - g*o = 78 + 2. What is the highest common divisor of 100 and t?
25
Let x(w) = -36*w + 253. Let t be x(7). Calculate the greatest common divisor of 89 and t.
1
Let d(c) = 17*c + 10 - 16*c - 3 + 21. Let w be d(-21). Calculate the greatest common factor of w and 28.
7
Let z(n) be the second derivative of 6*n + 1/2*n**3 - 11/2*n**2 + 0. Let v be z(9). Calculate the greatest common divisor of 2 and v.
2
Let g = 58 - 33. Suppose j - g - 30 = 0. Suppose -5*u + j + 15 = 0. Calculate the highest common factor of 14 and u.
14
Let x = 132 + -130. Calculate the highest common factor of x and 46.
2
Suppose -5*x + 4*l = -352, 4*x + 4*l - 275 = 5*l. What is the highest common factor of x and 850?
34
Suppose -2*z + 7*z = 4*n - 2108, -z = 2*n - 1040. What is the highest common factor of 24 and n?
6
Suppose -10*x - 288 = -16*x. Calculate the greatest common factor of x and 3.
3
Let r be (-2)/16 + (-6856)/(-64). Let x = r - 97. What is the highest common factor of 5 and x?
5
Let q = -989 + 1187. Calculate the greatest common factor of q and 99.
99
Let f(c) = -c - 5. Let i be f(-6). Suppose -4*j = -5*j + 5. Suppose i = 3*p - j. What is the greatest common divisor of p and 2?
2
Let r(g) = g**2 + 4*g - 2. Let u be r(-6). Suppose -u = 3*m - 2*m. Let s = 22 + m. Calculate the highest common factor of 84 and s.
12
Let z be (0 - -2 - -20) + -1. Let c(g) = 3*g**2 - 16 + 2 + 0*g**2 + 2*g. Let x be c(4). What is the highest common divisor of z and x?
21
Let r(i) = -14*i - 2. Let l(t) = -27*t - 3. Let k(p) = -6*l(p) + 11*r(p). Let x = -34 + 41. Let m be k(x). What is the highest common factor of 13 and m?
13
Let m(i) = i**3 - 35*i**2 - 65*i + 17. Let v be m(37). What is the highest common divisor of v and 98?
14
Let x(j) = 4*j**2 - j. Let p be x(1). Suppose -1 = 4*y - 13. Calculate the greatest common factor of y and p.
3
Let w = 947 + -586. What is the highest common divisor of w and 38?
19
Suppose 3*f = 5*f - 30. Suppose -3*w - 9 = -f. Suppose -g = -10 + w. Calculate the greatest common factor of 16 and g.
8
Suppose -162*r = -146*r - 28